 are the prime factors of 3651?
3, 1217
List the prime factors of 67134.
2, 3, 67, 167
List the prime factors of 5888.
2, 23
List the prime factors of 3538.
2, 29, 61
List the prime factors of 2348.
2, 587
List the prime factors of 11429.
11, 1039
List the prime factors of 409.
409
What are the prime factors of 4510?
2, 5, 11, 41
What are the prime factors of 101058?
2, 3, 16843
List the prime factors of 27850.
2, 5, 557
List the prime factors of 26260.
2, 5, 13, 101
What are the prime factors of 1157?
13, 89
What are the prime factors of 681?
3, 227
List the prime factors of 11656.
2, 31, 47
What are the prime factors of 3750?
2, 3, 5
List the prime factors of 410.
2, 5, 41
What are the prime factors of 6200?
2, 5, 31
List the prime factors of 24872.
2, 3109
List the prime factors of 5907.
3, 11, 179
What are the prime factors of 4238?
2, 13, 163
What are the prime factors of 175?
5, 7
What are the prime factors of 32009?
32009
List the prime factors of 20079.
3, 23, 97
List the prime factors of 451.
11, 41
List the prime factors of 13062.
2, 3, 7, 311
List the prime factors of 18859.
18859
List the prime factors of 155.
5, 31
What are the prime factors of 794?
2, 397
List the prime factors of 590.
2, 5, 59
List the prime factors of 949.
13, 73
List the prime factors of 76450.
2, 5, 11, 139
List the prime factors of 32215.
5, 17, 379
List the prime factors of 6378.
2, 3, 1063
List the prime factors of 8325.
3, 5, 37
What are the prime factors of 1262?
2, 631
What are the prime factors of 8220?
2, 3, 5, 137
List the prime factors of 1860.
2, 3, 5, 31
What are the prime factors of 19231?
19231
What are the prime factors of 27173?
29, 937
List the prime factors of 3734.
2, 1867
List the prime factors of 5197.
5197
What are the prime factors of 980?
2, 5, 7
List the prime factors of 27153.
3, 7, 431
What are the prime factors of 3313?
3313
What are the prime factors of 9406?
2, 4703
List the prime factors of 2084.
2, 521
What are the prime factors of 74840?
2, 5, 1871
List the prime factors of 89647.
157, 571
List the prime factors of 368.
2, 23
List the prime factors of 11799.
3, 19, 23
List the prime factors of 2198.
2, 7, 157
List the prime factors of 9207.
3, 11, 31
List the prime factors of 1273.
19, 67
What are the prime factors of 5217?
3, 37, 47
What are the prime factors of 60749?
13, 4673
List the prime factors of 2806.
2, 23, 61
List the prime factors of 5798.
2, 13, 223
List the prime factors of 6205.
5, 17, 73
What are the prime factors of 111?
3, 37
What are the prime factors of 594?
2, 3, 11
What are the prime factors of 4672?
2, 73
What are the prime factors of 43369?
31, 1399
What are the prime factors of 5760?
2, 3, 5
What are the prime factors of 57379?
7, 1171
What are the prime factors of 7983?
3, 887
What are the prime factors of 648?
2, 3
What are the prime factors of 2427?
3, 809
List the prime factors of 7282.
2, 11, 331
List the prime factors of 15387.
3, 23, 223
List the prime factors of 43902.
2, 3, 271
List the prime factors of 33349.
33349
What are the prime factors of 8185?
5, 1637
List the prime factors of 15492.
2, 3, 1291
List the prime factors of 13855.
5, 17, 163
What are the prime factors of 39189?
3, 13063
List the prime factors of 15217.
15217
List the prime factors of 5019.
3, 7, 239
List the prime factors of 10.
2, 5
List the prime factors of 2606.
2, 1303
List the prime factors of 17037.
3, 631
What are the prime factors of 175672?
2, 7, 3137
List the prime factors of 3683.
29, 127
What are the prime factors of 7039?
7039
What are the prime factors of 21847?
7, 3121
List the prime factors of 190.
2, 5, 19
List the prime factors of 967.
967
List the prime factors of 41835.
3, 5, 2789
List the prime factors of 1995.
3, 5, 7, 19
What are the prime factors of 92827?
7, 89, 149
List the prime factors of 1076.
2, 269
What are the prime factors of 17380?
2, 5, 11, 79
List the prime factors of 6776.
2, 7, 11
List the prime factors of 509.
509
What are the prime factors of 41931?
3, 1553
List the prime factors of 3239.
41, 79
List the prime factors of 1662.
2, 3, 277
What are the prime factors of 182?
2, 7, 13
What are the prime factors of 25221?
3, 7, 1201
What are the prime factors of 109263?
3, 7, 11, 43
What are the prime factors of 2167?
11, 197
What are the prime factors of 92188?
2, 19, 1213
What are the prime factors of 115884?
2, 3, 29, 37
What are the prime factors of 37060?
2, 5, 17, 109
List the prime factors of 2915.
5, 11, 53
What are the prime factors of 7509?
3, 2503
List the prime factors of 28090.
2, 5, 53
List the prime factors of 4186.
2, 7, 13, 23
What are the prime factors of 22094?
2, 11047
List the prime factors of 57.
3, 19
List the prime factors of 1172.
2, 293
What are the prime factors of 71500?
2, 5, 11, 13
List the prime factors of 107.
107
What are the prime factors of 6878?
2, 19, 181
List the prime factors of 4138.
2, 2069
List the prime factors of 3685.
5, 11, 67
List the prime factors of 608.
2, 19
List the prime factors of 5092.
2, 19, 67
List the prime factors of 2526.
2, 3, 421
List the prime factors of 134.
2, 67
List the prime factors of 11390.
2, 5, 17, 67
List the prime factors of 10972.
2, 13, 211
List the prime factors of 44723.
7, 6389
List the prime factors of 1054.
2, 17, 31
What are the prime factors of 9440?
2, 5, 59
List the prime factors of 2272.
2, 71
What are the prime factors of 1698?
2, 3, 283
What are the prime factors of 7604?
2, 1901
What are the prime factors of 32149?
13, 2473
What are the prime factors of 14966?
2, 7, 1069
List the prime factors of 251.
251
List the prime factors of 1517.
37, 41
List the prime factors of 75449.
11, 19
What are the prime factors of 51778?
2, 25889
What are the prime factors of 2959?
11, 269
List the prime factors of 4730.
2, 5, 11, 43
What are the prime factors of 105?
3, 5, 7
What are the prime factors of 54601?
54601
What are the prime factors of 3084?
2, 3, 257
What are the prime factors of 14191?
23, 617
List the prime factors of 1814.
2, 907
List the prime factors of 46751.
46751
What are the prime factors of 13636?
2, 7, 487
List the prime factors of 50721.
3, 11, 29, 53
List the prime factors of 174301.
17, 10253
List the prime factors of 6982.
2, 3491
List the prime factors of 90890.
2, 5, 61, 149
What are the prime factors of 3937?
31, 127
List the prime factors of 2035.
5, 11, 37
What are the prime factors of 11730?
2, 3, 5, 17, 23
List the prime factors of 2238.
2, 3, 373
List the prime factors of 432.
2, 3
List the prime factors of 3139.
43, 73
List the prime factors of 3990.
2, 3, 5, 7, 19
List the prime factors of 110554.
2, 167, 331
List the prime factors of 857.
857
What are the prime factors of 3427?
23, 149
What are the prime factors of 3329?
3329
List the prime factors of 652.
2, 163
What are the prime factors of 547?
547
List the prime factors of 317.
317
List the prime factors of 3842.
2, 17, 113
List the prime factors of 5697.
3, 211
What are the prime factors of 13226?
2, 17, 389
List the prime factors of 4989.
3, 1663
What are the prime factors of 2570?
2, 5, 257
List the prime factors of 730.
2, 5, 73
What are the prime factors of 14315?
5, 7, 409
List the prime factors of 3246.
2, 3, 541
What are the prime factors of 16?
2
What are the prime factors of 154228?
2, 38557
What are the prime factors of 87?
3, 29
What are the prime factors of 1174?
2, 587
List the prime factors of 30819.
3, 10273
What are the prime factors of 3138?
2, 3, 523
What are the prime factors of 513?
3, 19
List the prime factors of 45197.
45197
List the prime factors of 46849.
11, 4259
What are the prime factors of 302?
2, 151
List the prime factors of 4394.
2, 13
What are the prime factors of 9927?
3, 1103
List the prime factors of 35378.
2, 7, 19
List the prime factors of 1426.
2, 23, 31
What are the prime factors of 2119?
13, 163
What are the prime factors of 5743?
5743
List the prime factors of 12799.
12799
List the prime factors of 65276.
2, 16319
List the prime factors of 23897.
23, 1039
What are the prime factors of 44035?
5, 8807
List the prime factors of 2535.
3, 5, 13
What are the prime factors of 620?
2, 5, 31
List the prime factors of 1127.
7, 23
List the prime factors of 133278.
2, 3, 97, 229
List the prime 